498. Let a(r) = 105*r - 734. What is a(o)?
1
Let g(q) = -q - 24. Suppose -5*a - 76 = -2*k, 4*a - 4*k + 68 = -0*a. Give g(a).
-10
Let z(y) = 67*y - 46. Let c(j) = 25*j - 18. Let r(a) = 8*c(a) - 3*z(a). Let t = -11 - -6. Let u = t - 0. Calculate r(u).
-1
Let y(r) = -r**2 + 10*r + 20. Let o be y(11). Let m(z) be the second derivative of z**4/12 - 3*z**3/2 - 5*z**2 - 6*z - 537. What is m(o)?
-10
Suppose -113*v + 483 - 75 = 91*v. Let w(o) = 8*o**3 - 5*o**2 + 2*o + 2. What is w(v)?
50
Suppose -4*v = -2 - 2, -5*v = -2*z + 69. Let t(m) = -30*m - m**2 + 106 - 98 + z*m. Calculate t(7).
8
Let x(h) = 44*h - 366. Let i be x(9). Suppose -74 = -2*p + 4*p. Let o = p + i. Let b(s) = s**3 + 8*s**2 + 7*s + 3. Calculate b(o).
3
Let j = -2311 + 2312. Let o(z) = -9*z**3 - z**2 - 4*z + 3. Calculate o(j).
-11
Let j(k) = -k - 8. Suppose -9*r - 21 = -48. Suppose r*q + 15 = -5*c, -6*q + 10*q + 2*c = -20. Determine j(q).
-3
Let t(z) be the second derivative of -5*z**3/6 + 33*z**2 - 13*z + 34. Determine t(13).
1
Let s(v) = 2*v**2 - 33*v + 16. Let j(x) = -x**2 + 16*x - 8. Let r(y) = 5*j(y) + 2*s(y). Determine r(6).
40
Let o(b) = -18*b**3 - b**2 - b - 1. Let r(l) = -55*l**3 + l**2 - 4*l - 6. Let q(d) = 3*o(d) - r(d). What is q(2)?
-3
Suppose 0*a = t + 4*a + 5, -2*t = a - 4. Let f(c) = -t + 0*c**2 + c**2 + 2*c**3 - c**2 - 3*c + 2*c**2. Let b = 1451 - 1453. What is f(b)?
-5
Let l(h) = 6*h - 15. Suppose 29 = -41*z - 19*z + 569. Calculate l(z).
39
Let h be (4 + -2)*((-66)/(-12) - 1). Let q(m) = -7*m**2 + 8*m + 26. Let z(r) = -3*r**2 + 5*r + 12. Let p(j) = -2*q(j) + 5*z(j). Give p(h).
8
Let i be 41 + (-4 + -2 - -4). Let l(b) = 26 - 34*b + i*b - 24. Determine l(-3).
-13
Let a(s) = s**2 - 3*s. Let m(g) = 2*g**2 - 4*g + 2. Suppose 4*h = q - 13, -3*h + 19 = -5*h + 3*q. Let d(w) = h*m(w) + 3*a(w). Calculate d(0).
-4
Suppose -2*t - 13 = -5*f - 6, 5*t - 23 = -f. Let c(u) = -1. Let v(y) be the second derivative of y**3 - 2*y**2 - 7*y. Let i(h) = -2*c(h) + v(h). Determine i(f).
16
Let m(z) be the third derivative of z**5/60 - z**4/24 - z**3/3 + 4*z**2. Let f(n) = -2*n**3 - 10*n**2 + 26*n + 86. Let o be f(-6). Determine m(o).
0
Let u(c) = c**2 + 37*c + 290. Let d be u(-11). Let r(k) = -9*k - 1. Let z(g) = 17*g. Let s(p) = 7*r(p) + 4*z(p). Determine s(d).
13
Let i(h) = 21*h + 336. Let f be i(0). Let l = -340 + f. Let k(x) = x. Let v(m) = 3*m + 2. Let c(n) = -k(n) + v(n). Determine c(l).
-6
Let p(w) be the second derivative of 5*w**2 + 0*w**4 - 1/20*w**5 - w + 0 + 0*w**3. Let c = 2608 - 2608. What is p(c)?
10
Let v be (-15)/20 + 1 + 1/(-4). Suppose -5*q + 4*s + 18 = v, s - 5*s = -2*q. Let l(t) = -10*t**3 + 6*t**2 + 9*t**3 - 3 + 2. What is l(q)?
-1
Let h be (8/16)/((-2)/44). Let c(w) be the first derivative of w**3/3 + 5*w**2 - 4*w + 1. Let d be c(h). Let b(a) = -a**3 + 6*a**2 + 6*a + 4. Give b(d).
-3
Suppose -7*a = -3*a. Let h(n) = 0 - n**2 + a - n. Suppose -3*r = 4*s + 31, 193*r - 6*s - 47 = 198*r. Determine h(r).
0
Let j(s) = 3*s + 118. Let p(o) = -3*o**2 - 35*o + 472. Let k be p(8). What is j(k)?
118
Let l(g) = -9*g + 4. Suppose 1222 = 5*d - 4*t, -3*t = -2*d - 4*t + 494. Suppose -6*p = -276 + d. Determine l(p).
-41
Let s(u) = -u**2 - 6*u + 10. Let x be 416/24*3/(-2). Let w be (117/x + 1 + 3)*14. Give s(w).
3
Let j(r) = -44*r + 239. Let w be j(6). Let g(c) = -7*c - 172. Let m be g(w). Let l(i) = 0 - i + 2 + 1. Calculate l(m).
0
Let h(s) = -5 - 9*s**2 - s**3 - s - 12*s + 25 - 14 - 4. Determine h(-7).
-5
Let t be ((-3 - -6) + -72)/((-9)/6). Let w = 7 + -2. Suppose 0 = -w*a + t + 4. Let k(l) = l**3 - 10*l**2 - l + 6. What is k(a)?
-4
Let r(b) be the third derivative of -b**4/8 + 11*b**3/2 - 1223*b**2 - b. Determine r(5).
18
Let g(x) = -2 - 6 - 6 - 6 + x - 8. Determine g(6).
-22
Suppose 0 = -4*z + 178 + 158. Suppose z = -5*j + 19*j. Let n(f) = 328*f + f**2 - 325*f - 2*f**2 + 7. Determine n(j).
-11
Let g be 3 - (-3)/(6/3 + -1). Let z be -6 - (-17 + g) - 11. Let v(x) = x**3 + 5*x**2 - x + 2. Determine v(z).
-28
Let v(l) = 8 + 2 + 3 + 551*l - 541*l - 5 + l**2. Determine v(-9).
-1
Let k(j) be the second derivative of -j**4/6 - 13*j**3/2 + 32*j**2 + 942*j + 1. Calculate k(-21).
1
Let p(b) be the third derivative of -b**6/120 - b**5/10 + 17*b**4/24 + 7*b**3/6 - 14*b**2 - 459*b. Calculate p(-9).
97
Let x(l) = 20*l - 1093 + 496 + 274. Give x(16).
-3
Let q(g) = g**2 + 127*g + 2768. Let x be q(-99). Let p(j) = 9*j**3 - 10*j**3 + 1 - 2*j**2 - j**2 + 6*j. Give p(x).
-7
Let p = -379 + 397. Let k = p + -28. Let z(w) = w**3 + 9*w**2 - 10*w - 2. Determine z(k).
-2
Let h(v) = v**2 - 4*v + 2. Let a be h(4). Suppose 0 = -6284*o + 6274*o + 550. Let d(p) = -p**a - o*p + 3 + 64*p - 1. Determine d(7).
16
Let i(o) = 17*o + 49. Let w(r) = r + 3. Let c(a) = 2*i(a) - 38*w(a). Determine c(-8).
16
Let s(b) be the second derivative of -11*b + 0 - 1/30*b**5 - 1/12*b**4 + 1/6*b**3 + 23/2*b**2. Let o(x) be the first derivative of s(x). Give o(2).
-11
Let y(g) = g + 28. Suppose 850 = 509*o + 4413. What is y(o)?
21
Let c(s) = -s**2 - 4*s + 7. Let k(p) = p**2 + 2*p - 3. Let i(f) = -4*c(f) - 9*k(f). Suppose 0 = -5*z + 612 - 187. Let o = -86 + z. Give i(o).
-4
Suppose 0 = -2*w - 9 + 25, -2*k + 44 = 4*w. Let o(h) = -h**2 - 2*h + 20. What is o(k)?
-28
Let f(u) = -u**3 + 5*u**2 - 1. Let j be -195 - (-7 - (0 - 6)). Let g = j - -196. Give f(g).
11
Let s(k) = 2*k**3 + 58*k**2 + 68*k + 345. Let l be s(-28). Let g(q) = -21*q + 198. Give g(l).
9
Let a(b) = 11*b**3 + 3*b**2 - 2. Let l(j) be the second derivative of j**5/10 - j**4/12 + j**3/6 + j**2/2 - 3*j. Let y(p) = a(p) - 6*l(p). What is y(8)?
8
Let d(n) be the third derivative of 0*n - 1/12*n**4 + 0 + 107*n**2 + 1/2*n**3 + 1/60*n**5. What is d(6)?
27
Let u(a) = -6*a + 6. Suppose -147 = -6*f - 171. Let o be (9/f)/(3/8). Calculate u(o).
42
Let c(a) = -3002*a + 9 + 1 + 2998*a. Let x = 83 - 76. Give c(x).
-18
Let i(g) = 2*g**3 - 3*g + 0*g**2 + 3 - 6*g**3 - 16*g**2 + 21*g**2 + 5*g**3. Calculate i(-7).
-74
Suppose 87 = 12*o - 41*o. Let n(m) = 7*m - 2*m + 11*m**2 + 8*m + 1 - 9*m**3. Let d(k) = 4*k**3 - 5*k**2 - 6*k. Let f(x) = o*n(x) - 7*d(x). Determine f(2).
3
Suppose -228*q + 27*q + 1608 = 0. Let h(t) = -t**2 + 10*t - 28. Calculate h(q).
-12
Let v(n) = -982 + 568 - 3*n + 415. Let g = -2 - -7. Suppose g*u - 5 - 5 = 0. What is v(u)?
-5
Let j(d) = d**2 - 8*d + 4. Let h = 128 + -118. Let o be 0 + ((-26)/(-4) - h/(-20)). Suppose -o*p + 13*p - 18 = 0. What is j(p)?
-11
Let i(m) = m**2 + 4*m - 30. Let s be i(-8). Let x(p) = 41*p**s - 4*p + 1 + 31*p**2 - 73*p**2. What is x(-5)?
-4
Let r(k) be the first derivative of -k**4/4 + 2*k**3 + 9*k**2/2 - 17*k + 4474. Determine r(7).
-3
Let l(s) = -s**2 + 10*s + 119. Let f be l(-7). Suppose f = 24*x - 8*x - 64. Let r(k) = -k. Determine r(x).
-4
Let x(g) = -4*g**3 + 2*g**2 - 4*g + 5. Let k(t) = 5*t**3 - 2*t**2 + 4*t - 6. Let i(z) = 3*k(z) + 4*x(z). Suppose 204 = 23*c + 158. Give i(c).
-6
Let t(o) = 5*o**2 - 9*o - 14. Let m(z) = -6*z**2 + 9*z + 16. Let h = 272 - 277. Let v(g) = h*t(g) - 4*m(g). Give v(8).
14
Suppose 14*z - 16 = 10*z + 4*i, 0 = z + 5*i - 4. Suppose -5*c = -2*l - 37, 2*c + z*l = -3*c + 31. Let s(r) = r**2 - 9*r + 10. Determine s(c).
-4
Suppose 3 = -3*c - 0. Let w(k) be the third derivative of -k**4/8 - k**3/6 - 2150*k**2. Determine w(c).
2
Let c(h) = 2*h**3 + 48*h**2 - 8. Suppose 0 = 50*g + 950 - 240 + 490. Determine c(g).
-8
Let x = 377 + -372. Let q be ((-6)/(-4))/(7/14). Let c(b) = -2 + q*b + 4*b**2 - 4 - 2*b**3 + 3*b + b**3. Calculate c(x).
-1
Let u be (3/2)/((-9)/(-48)). Let i(f) = 73292*f - 36643*f - 2 - 36651*f. What is i(u)?
-18
Suppose -3*x = -15, 2*v - x + 1 = -10. Let b(p) be the first derivative of -p**2 + 3*p - 505. Give b(v).
9
Let y(k) = -k**3 + 7*k**2 + 138*k - 46*k - 96*k - 12. Calculate y(2).
0
Let h(o) = 59*o**2 + 36*o. Let q(f) = 69*f**2 + 36*f - 2. Let j(y) = 7*h(y) - 6*q(y). Determine j(36).
12
Suppose 4*l = -5*s + 186, -59 = -5*l + 3*s + 155. Suppose -2*h = -4*x - 194, 7*x - 4*h = -0*h - 340. Let m = x + l. Let u(w) = -w**2 - 2*w + 1. Calculate u(m).
-7
Let p(n) = -47*n - 1. Let t(v) = v**2 + 612*v - 1844. Let g be t(3). Give p(g).
-48
Suppose -22 = 3*s - 10. Let h = -24 + 27. Let n(m) = 5*m - 4 + 5*m**2 + 2*m**3 - 1 + 7 - m**h. Determine n(s).
-2
Let y be -12 - (-12 + 8/2). Let w(o) = -o**2 - 19*o - 53. Determine w(y